(p) be the second derivative of -3*p**3/2 + p**2 + 6*p. Let h(k) = -26*k + 6. Let x(t) = 8*d(t) - 3*h(t). What is x(2)?
10
Suppose 2*t = -t. Let x(b) = 0*b**2 + t*b**3 - 2*b**2 + b**2 + 3*b - b**3 + 2. What is x(-3)?
11
Let x(s) be the third derivative of 0*s + 0 - s**2 + 7/24*s**4 - 2*s**3. Let z(l) = -3*l + 6. Let q(d) = 2*x(d) + 5*z(d). Give q(7).
-1
Let g(y) = -y**3 + 13*y**2 + 2*y - 15. Let c(q) = -2*q + 35. Let o be c(11). Determine g(o).
11
Let s(m) = -3*m - 6. Let a(t) = -t - 16. Let o be a(-4). Let k be 57/o + -2*3/(-8). What is s(k)?
6
Let z(d) = -3*d**2 - 2*d + 1. Let x(h) be the first derivative of -h**4/4 - h**3 - h + 4. Let i be x(-3). Let r be (i/(-2) + -1)*4. Give z(r).
-7
Let w(a) = -a - 3. Let o be ((-54)/8)/(-9) + (-36)/(-16). Give w(o).
-6
Let l(a) = -a + 8. Suppose -11*u + 8*u = -126. Let g be (-12)/(16/(-7) + 12/u). Give l(g).
2
Let c(p) be the first derivative of p**3/3 + 9*p**2/2 + 6*p + 126. Give c(-7).
-8
Let f = -7794 + 7786. Let n(m) = 7*m**2 + 2*m + 8. Let c(t) = -15*t**2 - 3*t - 16. Let j(s) = -6*c(s) - 13*n(s). Give j(f).
-8
Let q(c) be the first derivative of -c**3/3 - 7*c**2/2 + c - 48. Calculate q(-7).
1
Let a(u) = 6*u + 1. Let z(m) = -3*m - 34. Let w be z(-3). Suppose 4*i + 108 = 7*k - 3*k, k = 5*i + 31. Let y = w + k. What is a(y)?
7
Suppose 12*a = 17*a + 45. Let r = a + 13. Suppose 0 = 2*m + 3*j - 19, -j + r*j = m + 13. Let u(d) = -d**3 + 3*d**2 - 2*d - 2. What is u(m)?
-2
Let t(q) = -q + 4. Let x be (260/52)/(-2*(-1)/2). Determine t(x).
-1
Suppose -2*z + 4 = 4*n, 0 = -5*n + 2*z + 86 - 63. Let h(m) = -4*m**2 + m - 1. Calculate h(n).
-34
Let v(f) = -f**3 - 5*f**2 + 5*f - 6. Let g(t) = t**2 + 6*t - 1. Let o be g(-7). Suppose -5*b + 4*b - o = 0. What is v(b)?
0
Let v(x) be the second derivative of 0*x**2 + 1/720*x**6 + 2*x + 0 + 7/12*x**4 + 0*x**3 - 7/120*x**5. Let m(r) be the third derivative of v(r). Give m(0).
-7
Let o(q) = 6*q + 1. Let c(k) = -k**2 + 7*k + 62. Let i be c(12). Determine o(i).
13
Let a(h) be the second derivative of -h**3/3 + h**2/2 - 2*h + 57. Suppose r = 3*r + 4. Determine a(r).
5
Let t be (-6)/(14/(728/39)). Let i(p) be the second derivative of p**5/20 + 7*p**4/12 - 4*p**3/3 - 9*p**2/2 + 3*p. What is i(t)?
-9
Let j(r) = -2*r**2 + 2*r + 5. Suppose 54 = -5*a - k + 78, -3*k = -4*a + 4. Determine j(a).
-19
Let f(m) be the third derivative of m**6/120 - m**5/40 - m**4/24 - 9*m**3 - 58*m**2. Let o(s) be the first derivative of f(s). What is o(3)?
17
Let i(c) = -9*c - 8 - 899*c**3 + 1789*c**3 - 891*c**3 - 8*c**2. Determine i(-7).
6
Let b = -5 + 19. Let i = 16 - b. Let h(n) = -2*n - n**3 - 4*n + n + n - 5*n**i - 1. What is h(-3)?
-7
Let n(p) = -p**3 - 9*p**2 + p. Let j be (6 - (4 + 11))*1. Give n(j).
-9
Let h(z) = 37*z + 29*z + 31*z - 98*z + 3. What is h(4)?
-1
Let o(g) = -4*g**2 - 8*g - 3. Let j(l) = 7*l**2 + 15*l + 6. Let v(d) = -3*j(d) - 5*o(d). Let w(x) = x**3 + x**2 - 35*x + 21. Let s be w(5). Calculate v(s).
1
Let u(d) = 4*d + 1. Suppose -2*w = 8, 6*b + w + 1 = 9*b. Give u(b).
-3
Let z(x) = -3*x + 3. Let g = 28 - 28. Let u be (1 - g)/((-12)/36). Give z(u).
12
Let c(l) = -l + 5. Let f = 5 - 4. Let x be 2*((-1)/(-3))/(f/6). What is c(x)?
1
Let u(i) = 2*i + 2. Suppose -d - 4*w + 12 = 0, 4*w + 20 = d - 0*w. Suppose 2*n + d = 3*s, -2*s - 2*n = -3*s. Suppose z = y - z + 1, 4*y = 4*z - s. Give u(y).
-4
Let q(g) be the third derivative of 8*g**2 - 1/6*g**3 + 0 + 1/15*g**5 + 0*g + 0*g**4. Determine q(1).
3
Let d(t) = 1 + 0 - 37*t - 40*t + 81*t. Calculate d(6).
25
Let g(z) = -4*z**2 - 2*z + 2. Let t(y) = -12*y**2 - 5*y + 1. Let j(f) = -f**2 - 1. Let u(i) = 4*j(i) - t(i). Let w(l) = 7*g(l) + 3*u(l). Calculate w(1).
-4
Suppose -3 - 3 = 6*p. Let c(o) = 2*o + 1. Give c(p).
-1
Let z(p) = 3*p**3 - p**2 + p. Let r = -25 + 26. Let u be z(r). Let b(q) = 0*q**2 + 5*q - q**3 + u - 7*q + 6*q**2. Calculate b(6).
-9
Suppose -7*h + 955 - 969 = 0. Let y(q) = -13*q. Give y(h).
26
Let d(c) = 2*c**2 + 5*c**2 - 5*c**2 + 2*c**2. Let h(t) = 2*t + 23. Suppose -5*s = 2*x - 10*s + 14, 20 = -x - 4*s. Let j be h(x). What is d(j)?
4
Let y(n) = 4*n + 5. Let u be (-4)/((-16)/(-8)) - 0/2. Determine y(u).
-3
Let x = 50 - 48. Let t(n) = -n**3 - 11*n**2 - 9*n + 10. Let p be t(-10). Let q(c) = -3 + 7*c + p*c + 2*c. Determine q(x).
15
Let n(s) = s**2 + s - 10. Let y = 568 + -568. Determine n(y).
-10
Let d be (9/(-2))/((-9)/(-12)). Let t(p) = -p**2 + 4*p + 8. Let l(v) = -4*v**2 + 11*v + 24. Let a(z) = 2*l(z) - 7*t(z). Give a(d).
-8
Suppose j - 66 = 12*j. Let l(a) = -a**2 - 4*a + 0*a**2 - 5 + 13. Give l(j).
-4
Let t = 28 - 21. Let f = -5 + t. Let w(l) = -11*l - f*l + 21*l. What is w(-1)?
-8
Let z(n) = -n + 7. Let c = 351 + -346. Give z(c).
2
Let z(p) be the third derivative of -p**7/840 + p**5/120 + 13*p**4/24 + 5*p**3/3 - 13*p**2. Let s(a) be the first derivative of z(a). What is s(0)?
13
Let v(j) = -j - 6. Suppose -27*f = -25*f - 10. Calculate v(f).
-11
Let n = -49 + 48. Let f(j) = j + 1. Let a(s) = 2*s**2 - 2*s - 4. Let h(c) = n*a(c) - 5*f(c). Give h(-2).
-3
Let j(b) = -b**2 - 5*b + 7. Let u(v) = -9 + 0*v + v - 5 + 0*v. Let w be u(7). Let p be j(w). Let o(d) = d + 2. Determine o(p).
-5
Suppose 4*g + 8 = 0, 0 = -4*j - 7*g + 5*g + 8. Let l(u) = -u + 18 - j - 2. Let m be ((-15)/((-735)/(-56)))/((-1)/7). Calculate l(m).
5
Let l = 2 - 0. Suppose -3*c + 687 = -30. Let k(v) = -1 - v**3 + 0*v**3 - 2*v - 235*v**2 + c*v**2. Determine k(l).
3
Let s(k) = -22*k**2 + 2*k - 1. Let x(i) = -i + 5. Let a be x(4). Calculate s(a).
-21
Let t(z) be the third derivative of -2/3*z**3 - 5/24*z**4 + 0*z + 10*z**2 - 1/60*z**5 + 0. Let l = -9 - -5. Give t(l).
0
Suppose 2*a + 0*a = -2. Let s(d) = d - 4. Let n(g) = -g + 9. Let u(b) = -3*n(b) - 7*s(b). Give u(a).
5
Let b(u) = -5*u + 7*u + 3 - 7 - 6. Let o be b(6). Let w(j) = 2*j**2 - 6*j - 4*j**o + 7*j + 3*j**2. What is w(2)?
6
Let p(q) = -3*q + 10. Let y be p(12). Let l be (-65)/y*(-4)/(-5). Let n(j) = l*j - 1 + 1 - 6 + 1. Calculate n(6).
7
Let m(l) be the third derivative of -6*l**2 + 1/60*l**5 - 1/3*l**3 - 5/24*l**4 + 0 + 0*l. Calculate m(5).
-2
Let r(d) be the second derivative of d**3/6 - 7*d**2 + 10*d. What is r(0)?
-14
Let v(r) be the third derivative of -r**4/12 + 5*r**3/2 - 40*r**2 + 1. Determine v(6).
3
Let y be -2 + 5 - (-45 + 40). Let c(f) = f**3 - 10*f**2 + 19*f - 9. Determine c(y).
15
Let y(j) = 164*j - 7 - j**2 - 311*j + 154*j. Give y(6).
-1
Let b(l) = -l - 10. Let d(s) = 3*s + 22. Let r(n) = 9*b(n) + 4*d(n). Determine r(5).
13
Let x(t) = -6*t**3 + t**2 - 2*t + 1. Let i(q) = -q + 11. Let z be i(6). Suppose -4 = b - z. Determine x(b).
-6
Let d = -1249 - -1251. Let o(p) be the second derivative of 2*p + 7/2*p**d + 1/6*p**3 + 0. Give o(-6).
1
Let l(w) = 2*w - 3*w - 6 - 6*w - w**2. Let m be (7/(-2))/((-11)/22). Suppose 0 = m*u + 14 + 21. Determine l(u).
4
Let u(t) = -t**2 - 12*t + 31. Let p be u(6). Let n = p - -83. Let m(d) = 2*d - 12. Give m(n).
0
Let t(y) = -6*y. Let u(w) = -6*w + 29. Let a be u(5). Determine t(a).
6
Let v(y) = -2*y**2 + 13*y + 7. Let d be v(7). Suppose -b + 4*n + 3 = d, n + 1 = -1. Let g(t) = -t + 1. Determine g(b).
6
Suppose -3*s = -12, -3*z + 0*s - 5*s = -23. Suppose -3 = 14*m - 15*m. Let k(q) = 31 - 13 - 19 + m*q. Determine k(z).
2
Let f(h) = -3*h - 11. Suppose 5*r = 2*p - 27, -2*p + 3*p + 4 = 0. Determine f(r).
10
Let h(q) = q**3 - 5*q**2 + 3*q + 3. Let a be h(4). Let b(x) = -4*x**3 + 2*x**2 + 2*x + 1. What is b(a)?
5
Suppose 2*b = -2*b + 8. Let o(p) be the first derivative of -4*p**2 + 3*p - 304. Calculate o(b).
-13
Suppose 16*o = -11*o + 108. Let c(s) be the third derivative of -1/2*s**3 + 0 + 0*s - 4*s**2 + 1/6*s**o. Determine c(2).
5
Let i(m) = -m**3 - 7*m**2 + m - 1. Let d(p) = -2*p**3 - 8*p**2 + p - 1. Let v(f) = 2*d(f) - 3*i(f). What is v(6)?
-41
Let u(t) = 3*t**2 - t + 7. Let z(s) be the second derivative of 5*s**4/6 - s**3/2 + 10*s**2 + 21*s. Let i(b) = 7*u(b) - 2*z(b). What is i(0)?
9
Let h be (-40 + 41)*-1*1. Let i(g) = -4*g - 1 - 3*g + 4*g. Determine i(h).
2
Let r(m) be the second derivative of -m**4/12 + m**3/2 + 3*m**2/2 - 50*m. What is r(3)?
3
Let w = -10 - -12. Suppose 5*b + 16 = -2*d, 5*b + 18 = -w*d + d. Suppose -15 = -s - 3*a, s - 3*s - d*a = -18. Let q(g) = g**3 - 6*g**2 - 5. Give q(s).
-5
Let y = -75 + 10. Let l = -28 - y. Suppose c = -3*c - g - l, 0 = -